 + 67789?
67791
In base 7, what is 101 + 131?
232
In base 8, what is -3 - 135421?
-135424
In base 9, what is -12274 + 1?
-12273
In base 13, what is 446b + 2?
4470
In base 10, what is -113 + 518?
405
In base 4, what is 121210 - 2112?
113032
In base 11, what is -109625 - -2?
-109623
In base 12, what is 7ba + -53?
767
In base 9, what is -3526644 + 3?
-3526641
In base 10, what is 9 + -102508?
-102499
In base 2, what is 0 + 10011001111101111011?
10011001111101111011
In base 2, what is -1001000 - -100?
-1000100
In base 7, what is -125 - 34425?
-34553
In base 15, what is -706 + 28?
-6cd
In base 5, what is 203 - -10404?
11112
In base 8, what is 203643 + -2?
203641
In base 8, what is -1346 + -60?
-1426
In base 10, what is 11303 + -5?
11298
In base 7, what is -10155433 + -3?
-10155436
In base 8, what is 0 + -34026?
-34026
In base 2, what is 100011101 + -1111111?
10011110
In base 10, what is 10 - 1224?
-1214
In base 11, what is 1 - -841?
842
In base 2, what is -10110 - 10100110001001011?
-10100110001100001
In base 8, what is -424424 - -3?
-424421
In base 6, what is 5 - -4350021?
4350030
In base 3, what is -21021111 - 110?
-21021221
In base 9, what is -7 - -52480?
52472
In base 8, what is 67136 - -31?
67167
In base 14, what is 0 - ab31?
-ab31
In base 7, what is -13 + 53262?
53246
In base 12, what is -123 + 17?
-108
In base 10, what is 318663 + -22?
318641
In base 9, what is 8 + 21701?
21710
In base 8, what is -47 + 1447?
1400
In base 12, what is -6824 - -28?
-67b8
In base 3, what is -111210201212 + 11?
-111210201201
In base 10, what is -938 + 158?
-780
In base 16, what is -f00b + -1?
-f00c
In base 15, what is -5de - -35?
-5a9
In base 15, what is -12b5 + -6?
-12bb
In base 6, what is 32 - 143301?
-143225
In base 12, what is 11473 - -15?
11488
In base 14, what is -52a - 80?
-5aa
In base 8, what is -4361 - -64?
-4275
In base 7, what is -15 + -150523?
-150541
In base 8, what is 1 + 1237356?
1237357
In base 3, what is 11001002102120 - 11?
11001002102102
In base 12, what is 338 + -25?
313
In base 12, what is -164 + -144b?
-15b3
In base 12, what is 32a6a6 + 2?
32a6a8
In base 8, what is 156 + 1060?
1236
In base 2, what is -111101101 - -1010110111010?
1001111001101
In base 15, what is -4 - -14c320?
14c31b
In base 15, what is -bca7 - -2?
-bca5
In base 12, what is -192 - -7b3?
621
In base 11, what is -3 + 125189?
125186
In base 8, what is -17 - 66445?
-66464
In base 15, what is -4 + -5d75?
-5d79
In base 7, what is -414400 - -5?
-414362
In base 11, what is -6796 + -1?
-6797
In base 14, what is -68 + -5645?
-56ad
In base 14, what is 86d5c5 + 0?
86d5c5
In base 7, what is 20004 + 4?
20011
In base 15, what is 9 + 7ac4?
7acd
In base 2, what is 100001011010 + -10010101?
11111000101
In base 3, what is 12 + 201022200110?
201022200122
In base 8, what is -17004 - 1?
-17005
In base 14, what is -383a + -3?
-383d
In base 13, what is -a2a + 486?
-574
In base 8, what is -211 - 27603?
-30014
In base 16, what is 45aa - -4?
45ae
In base 6, what is 13 + -12301?
-12244
In base 16, what is 10eca + 7?
10ed1
In base 11, what is -908 - 131?
-a39
In base 5, what is 2220110 + -10?
2220100
In base 5, what is -1 + -10014011?
-10014012
In base 7, what is -1 - -62655?
62654
In base 9, what is -415211 + 3?
-415207
In base 16, what is 209643 - 3?
209640
In base 3, what is 10102 + 102101?
112210
In base 7, what is 431226 + -4?
431222
In base 7, what is 560 + 612?
1502
In base 16, what is -2a8f - -1?
-2a8e
In base 8, what is 3777 + -2267?
1510
In base 16, what is 5 + -2570?
-256b
In base 2, what is -10101100011000 - 100111111?
-10110001010111
In base 12, what is 217 + 10a?
325
In base 11, what is -430 + 40?
-3a0
In base 4, what is 23 - 13123?
-13100
In base 15, what is 3b9 - 27?
392
In base 11, what is -1 - 186603?
-186604
In base 8, what is 1 + -70300?
-70277
In base 15, what is 4e2 - -68?
55a
In base 5, what is 3 + 310214?
310222
In base 9, what is 23462 - -5?
23467
In base 12, what is -a - a282b?
-a2839
In base 11, what is 71 + 7a2?
863
In base 5, what is 21 + -1344214?
-1344143
In base 12, what is 5 + 334b?
3354
In base 6, what is -121 - 32305?
-32430
In base 13, what is 98 + 251?
319
In base 6, what is 210 - 143200?
-142550
In base 14, what is 698 + 1b?
6b5
In base 10, what is -20588 + -70?
-20658
In base 16, what is 0 + 3464?
3464
In base 11, what is -7a6 - 5a0?
-1296
In base 7, what is -1212206 - 3?
-1212212
In base 3, what is 21002100 + -1012?
21001011
In base 4, what is -11120110 + 300?
-11113210
In base 12, what is -18 + -121?
-139
In base 15, what is -7 - -9d?
96
In base 4, what is 210 - -3130?
10000
In base 4, what is 231332 + 121?
232113
In base 8, what is -15 - 1776?
-2013
In base 6, what is 512541 + -13?
512524
In base 16, what is 4 - -4f8f?
4f93
In base 14, what is -47 + -72?
-b9
In base 15, what is -350e - 43?
-3552
In base 7, what is -323 - 20420?
-21043
In base 13, what is -4 + -30b62?
-30b66
In base 6, what is 2054 + -24242?
-22144
In base 7, what is 250453 + 2?
250455
In base 5, what is 21014 - 11?
21003
In base 13, what is -8 + -bb057?
-bb062
In base 3, what is 102 - -202112?
202221
In base 9, what is -5 + 2617?
2612
In base 7, what is 211 - -40403?
40614
In base 6, what is -5 + -2120400?
-2120405
In base 13, what is aa - -465?
542
In base 11, what is -7505 - -7?
-74a9
In base 14, what is 6724 - -6?
672a
In base 5, what is -334 - -31001?
30112
In base 5, what is -2314 + 102234?
44420
In base 2, what is -11 - 11001100011?
-11001100110
In base 10, what is -9853 + -351?
-10204
In base 5, what is 23021020 - -2?
23021022
In base 5, what is 103 - -121023?
121131
In base 3, what is -1010 - -11212222?
11211212
In base 13, what is -11306 + 2?
-11304
In base 12, what is -a1a + -86?
-aa4
In base 2, what is 1011010 + -10001110001?
-10000010111
In base 3, what is 1222120 - 122000?
1100120
In base 15, what is -2 + -5876?
-5878
In base 10, what is 27064 + -3?
27061
In base 10, what is 528 - -70?
598
In base 10, what is -3017 + 13?
-3004
In base 16, what is -cc + -a?
-d6
In base 7, what is 2 - -202523?
202525
In base 13, what is -2 - 972?
-974
In base 4, what is -10 - -1022320001?
1022313331
In base 8, what is 104346 + 0?
104346
In base 5, what is -4204 + -3?
-4212
In base 5, what is -324 - -10?
-314
In base 6, what is 0 + -5144414?
-5144414
In base 14, what is -ab4 + 1?
-ab3
In base 3, what is 1121100 + -10012?
1111011
In base 11, what is -22935 + 7?
-22929
In base 2, what is 1001 + -1101011110100111001?
-1101011110100110000
In base 13, what is 2167a + 5?
21682
In base 3, what is -2010 - -20012210?
20010200
In base 5, what is 213034 + 1022?
214111
In base 13, what is 6 - -52bb4?
52bba
In base 8, what is 1412743 - -2?
1412745
In base 6, what is -224125 - 11?
-224140
In base 10, what is 7763 - -23?
7786
In base 4, what is -112102 + -10?
-112112
In base 14, what is -2 - -9403d?
9403b
In base 9, what is -36482 - 106?
-36588
In base 16, what is -1c28 - 13?
-1c3b
In base 12, what is -5 - 2aa555?
-2aa55a
In base 15, what is -8a5 + 6?
-89e
In base 16, what is 225 + 21?
246
In base 9, what is -33184 + 17?
-33166
In base 12, what is 2 + 2bab?
2bb1
In base 3, what is -1 - -1220211012?
1220211011
In base 12, what is 0 + 1a02a?
1a02a
In base 3, what is 22 + 21000210122?
21000210221
In base 11, what is 888 - -5a?
937
In base 13, what is 5569b + 5?
556a3
In base 9, what is -212 - 16756?
-17068
In base 4, what is 23310102 + -11?
23310031
In base 9, what is -5618083 - -1?
-5618082
In base 4, what is 31 - 2032230?
-2032133
In base 11, what is -34a71 - -8?
-34a64
In base 16, what is -810e11 - -4?
-810e0d
In base 2, what is -111 + -100011111010010001?
-100011111010011000
In base 9, what is -2717 - -2063?
-644
In base 14, what is 262 - -bda?
105c
In base 16, what is -94 - 76?
-10a
In base 8, what is -220 - 206?
-426
In base 13, what is 4 + -33b3b?
-33b37
In base 16, what is -70 - 8d14?
-8d84
In base 4, what is -12220 - -113?
-12101
In base 13, what is -198 + -31c?
-4b7
In base 7, what is 1305 - -201?
1506
In base 3, what is 20211201 - 101?
20211100
In base 4, what is 1 - -300123322?
300123323
In base 2, what is -1 + -11111011010010000111?
-11111011010010001000
In base 11, what is 3 - -235a64?
235a67
In base 10, what is 102825 + 0?
102825
In base 12, what is -603a + 4?
-6036
In base 7, what is 11 - -616612?
616